s 44902171 a prime number?
True
Is 632939579 a composite number?
False
Is 1542391 a composite number?
True
Is 190204249 a composite number?
True
Is 16910471 a prime number?
False
Is 10484867 composite?
True
Is 1527259 prime?
False
Is 9694303 a composite number?
True
Is 36363931 composite?
False
Is 340283 prime?
True
Is 25400777 composite?
True
Is 46218794 a composite number?
True
Is 115258703 composite?
True
Is 1895797 prime?
True
Is 18893521 a composite number?
True
Is 508464953 prime?
True
Is 261821321 a composite number?
True
Is 11529929 prime?
True
Is 109337587 a composite number?
False
Is 1637221 a composite number?
False
Is 2747405 a composite number?
True
Is 2299499 composite?
False
Is 189676271 prime?
True
Is 85261087 a prime number?
True
Is 21739027 a composite number?
True
Is 62223607 composite?
False
Is 198323573 a prime number?
False
Is 3118454 a composite number?
True
Is 22896059 composite?
True
Is 11188163 prime?
False
Is 2720071 a prime number?
True
Is 95783 prime?
True
Is 567257 a composite number?
False
Is 3717733 prime?
False
Is 40233119 a composite number?
False
Is 429353083 a prime number?
True
Is 5485463 composite?
True
Is 962521381 composite?
True
Is 744329 a composite number?
True
Is 7039097 composite?
True
Is 556993 composite?
True
Is 7014803 prime?
True
Is 863119 a composite number?
False
Is 3932413 composite?
False
Is 6505721 composite?
True
Is 15247313 composite?
True
Is 882467 a composite number?
True
Is 494975059 composite?
True
Is 71947453 a composite number?
False
Is 30749189 prime?
True
Is 2034671 a composite number?
False
Is 9053003 prime?
True
Is 3291835 prime?
False
Is 101317739 a composite number?
True
Is 294427 a prime number?
False
Is 17011 composite?
False
Is 12274427 a prime number?
False
Is 671203 a prime number?
False
Is 4305749 a prime number?
False
Is 64173 a composite number?
True
Is 2088679 a composite number?
False
Is 7674523 a composite number?
False
Is 8700259 a composite number?
True
Is 7568021 a composite number?
False
Is 8751221 a prime number?
True
Is 13642859 prime?
True
Is 159498671 a prime number?
False
Is 47471651 a composite number?
False
Is 17302159 composite?
True
Is 19303247 prime?
False
Is 34677421 prime?
True
Is 4577917 a composite number?
True
Is 15898921 a prime number?
True
Is 7425437 composite?
False
Is 25900123 composite?
True
Is 5471567 composite?
False
Is 3748979 composite?
True
Is 911719 prime?
True
Is 7468681 a composite number?
True
Is 1833473 prime?
True
Is 5338993 composite?
True
Is 496617089 composite?
False
Is 14629261 a composite number?
False
Is 121142267 prime?
False
Is 6858487 prime?
False
Is 311951 a composite number?
False
Is 403723049 prime?
False
Is 183010713 prime?
False
Is 87278141 prime?
True
Is 2505313 composite?
True
Is 1979371 a prime number?
True
Is 728438939 a prime number?
True
Is 6886463 prime?
False
Is 10022617 a composite number?
True
Is 36576067 prime?
False
Is 8424145 a composite number?
True
Is 367601 prime?
False
Is 151828679 composite?
True
Is 612277165 composite?
True
Is 11197661 a composite number?
False
Is 849306979 prime?
True
Is 61141001 composite?
True
Is 19152247 prime?
False
Is 9631747 prime?
True
Is 15093737 a prime number?
True
Is 4820083 a composite number?
True
Is 46519723 a prime number?
True
Is 3525299 prime?
True
Is 144163853 composite?
False
Is 474850149 prime?
False
Is 139016279 prime?
True
Is 105837 a prime number?
False
Is 3119069 prime?
True
Is 35227469 prime?
True
Is 4013117 composite?
True
Is 5446867 a composite number?
True
Is 136664917 prime?
True
Is 5349481 a prime number?
False
Is 787367 composite?
True
Is 832285 composite?
True
Is 10672307 composite?
True
Is 186437 composite?
False
Is 180521791 composite?
True
Is 79632671 prime?
True
Is 147511303 composite?
True
Is 159429902 prime?
False
Is 154665067 a composite number?
True
Is 80729629 a composite number?
False
Is 1874941 a prime number?
True
Is 56402041 composite?
False
Is 143300299 a prime number?
False
Is 54452089 prime?
False
Is 4960526 composite?
True
Is 13368233 composite?
False
Is 122361487 composite?
False
Is 2359219 prime?
True
Is 3009233 a composite number?
False
Is 32562731 a prime number?
False
Is 1114634231 a prime number?
True
Is 89344219 prime?
True
Is 50314301 a prime number?
False
Is 2462311 a prime number?
False
Is 12598787 composite?
False
Is 24438181 a composite number?
True
Is 1760419 prime?
True
Is 124815055 composite?
True
Is 13018513 prime?
True
Is 11966993 prime?
True
Is 152545619 a composite number?
False
Is 1843213 a prime number?
True
Is 70993237 a composite number?
True
Is 3340123 prime?
True
Is 43164689 composite?
True
Is 273001871 prime?
False
Is 3238693 prime?
False
Is 655687 prime?
True
Is 116406401 composite?
False
Is 532867793 prime?
True
Is 279927349 a composite number?
True
Is 114399067 a composite number?
False
Is 205319 composite?
False
Is 40012697 a composite number?
False
Is 36619747 a prime number?
True
Is 12916913 a composite number?
True
Is 409061 prime?
False
Is 2673673 composite?
False
Is 25680937 composite?
False
Is 754499 composite?
True
Is 14520347 a composite number?
True
Is 1538687 a prime number?
False
Is 46130137 a prime number?
True
Is 27057817 a composite number?
False
Is 4949891 prime?
True
Is 9121183 a composite number?
False
Is 8712141 composite?
True
Is 18016831 composite?
True
Is 6093533 a prime number?
True
Is 4200761 a prime number?
True
Is 13721903 a prime number?
False
Is 1280693 composite?
False
Is 12318265 a prime number?
False
Is 3703109 a prime number?
True
Is 21564571 a prime number?
False
Is 237411763 composite?
False
Is 19258649 a prime number?
True
Is 5637811 a prime number?
True
Is 127247741 prime?
True
Is 245630207 prime?
True
Is 294629 a composite number?
False
Is 83230387 prime?
True
Is 12445067 a composite number?
False
Is 135701806 a prime number?
False
Is 15308843 prime?
False
Is 1164749 a prime number?
True
Is 3969491 prime?
False
Is 59245883 a composite number?
False
Is 36592849 composite?
False
Is 234176477 prime?
True
Is 2899181 a composite number?
False
Is 60141 composite?
True
Is 6293321 a prime number?
False
Is 590068757 a composite number?
True
Is 8900421 composite?
True
Is 468107 a prime number?
True
Is 50079067 a prime number?
False
Is 5704987 a composite number?
False
Is 123825677 composite?
False
Is 8559167 composite?
True
Is 6657767 prime?
False
Is 751262 composite?
True
Is 267806353 a prime number?
True
Is 1756687 prime?
True
Is 2196781 composite?
False
Is 37334371 prime?
True
Is 909883 a prime number?
False
Is 4796399 prime?
True
Is 3535573 a composite number?
False
Is 1788497 prime?
True
Is 4714613 prime?
False
Is 145771 a prime number?
True
Is 90113783 a composite number?
False
Is 12306211 a prime number?
True
Is 7733623 a prime number?
False
Is 3632602 a prime number?
False
Is 7269469 prime?
False
Is 22478702 a prime number?
False
Is 4662949 prime?
False
Is 140534995 a prime number?
False
Is 24721129 a composite number?
True
Is 45841465 composite?
True
Is 3144649 a prime number?
False
Is 131307733 a composite number?
True
Is 3678007 prime?
True
Is 47206853 composite?
False
Is 482462341 composite?
False
Is 2826893 prime?
False
Is 942303473 prime?
True
Is 3162167 composite?
False
Is 880357 composite?
True
Is 4453121 a prime number?
True
Is 178486063 composite?
True
Is 3988811 a composite number?
True
Is 441797 composite?
False
Is 70557793 composite?
True
Is 1374337 prime?
False
Is 4726907 a composite number?
True
Is 464363 a prime number?
False
Is 111831037 prime?
False
Is 25718542 prime?
False
Is 65310911 a composite number?
True
Is 151204981 composite?
True
Is 83964809 prime?
True
Is 7728971 composite?
True
Is 143866109 prime?
True
Is 24110059 prime?
True
Is 18482909 prime?
False
Is 1147363 composite?
True
Is 29653847 a prime number?
False
Is 3727067 a prime number?
True
Is 81991627 composite?
False
Is 32434271 composite?
False
Is 461207 a composite number?
False
Is 1555501 prime?
False
Is 20796253 prime?
False
Is 464799473 prime?
True
Is 3528841 composite?
True
Is 1350763 composite?
True
Is 387111047 a prime number?
True
Is 284369 composite?
False
Is 17668529 prime?
True
Is 528413 prime?
True
Is 7216193 a prime number?
True
Is 4100282 a composite number?
True
Is 16